et h be n(-23). Let l be q(h). Calculate the highest common factor of l and 133.
19
Let v(k) = 15*k**2 + 110*k + 285. Let b be v(-16). Calculate the highest common divisor of 430 and b.
215
Suppose 2*n - 403 = -99. Let l(m) = m**3 + 23*m**2 - 56*m - 749. Let o be l(-24). Calculate the highest common divisor of o and n.
19
Suppose v + 45 = 5*l, -5*l = v - 219 + 164. What is the greatest common divisor of 17 and l?
1
Suppose 0 = 3*g + 2*b - 1289 - 143, 5*b + 1418 = 3*g. Suppose -c = -4*j + g, -j - 25 + 133 = -3*c. Calculate the highest common factor of j and 90.
30
Let d be 7 - -4 - (-9 - (-8)/(-2)). Calculate the greatest common factor of d and 726.
6
Suppose 1980 = 73*z - 61*z. What is the greatest common divisor of z and 3245?
55
Let s be (-426)/10*(-9)/(-288)*16*-1290. Calculate the greatest common factor of s and 774.
387
Let d(p) = -219 + 437 + 10*p**2 - p**3 - 224 + 12*p. Let j be d(11). Let v = 145 + -120. Calculate the greatest common factor of j and v.
5
Let m(g) = -174*g - 513. Let i be m(-3). Calculate the greatest common divisor of 873 and i.
9
Let s be (-230232)/(-48) + 4/6 - (-1)/(-6). What is the greatest common factor of s and 9?
9
Suppose -m - 5 = 5*v, 0 = -5*m - 4*v + 24 - 7. Let h be 0 + 160 + (0 - 20/m). What is the greatest common factor of 12 and h?
12
Let s be (-6)/4 + 8399/74 - -10. Calculate the greatest common factor of s and 3599.
61
Suppose -x + 8*z = 7*z - 238, 704 = 3*x - 5*z. What is the greatest common divisor of 9 and x?
9
Let i = 744 - 337. Suppose -18*j - x = -16*j - 272, 3*j - i = -x. Calculate the highest common divisor of j and 45.
45
Let w(l) = 4*l + 283. Let s be w(-34). Calculate the greatest common factor of 924 and s.
21
Let l be -1 + 120120/27 - (-90)/81. Calculate the greatest common factor of l and 6.
3
Let j = -80 - -134. Let s = j - 58. Let y be (18/s)/(-1)*2. What is the highest common factor of y and 6?
3
Let d be ((-1)/(-2))/((-2)/(-48)). Let p be -138 + -22 + (-6 - 2). Let c be (432/p)/((-1)/14). Calculate the highest common factor of d and c.
12
Suppose 0 = 6*i + 410 - 2060. What is the highest common divisor of 110 and i?
55
Suppose -80 = -4*p - 4*d, 73*p - 75*p - d + 33 = 0. What is the greatest common factor of p and 30979?
13
Let v(w) = -108*w - 10. Let i be v(-5). Let o be ((-32)/(-40))/(-2 - (-1064)/i). What is the highest common factor of 318 and o?
106
Let j be (1*3)/(501/39245). Calculate the highest common divisor of 752 and j.
47
Suppose 4*a - 5*p = -2*p + 32, 4*p = -a - 11. Suppose -53 = -f + h - 2*h, -a*h - 221 = -4*f. Let g = -9 - -15. Calculate the greatest common divisor of g and f.
6
Let b = -7992 - -8313. Calculate the greatest common factor of b and 63.
3
Let w = -16 - -35. Let j(d) = 10*d + 41. Let c be j(11). Suppose 3*v = 12, 2*h - c = 2*v - 45. Calculate the greatest common factor of h and w.
19
Let z be (4 + -9)/(-12 - -13). Let m be 5 - (-87)/(-9)*(2 + z). Suppose 0 = 3*k - 71 - 133. What is the highest common divisor of k and m?
34
Let l(y) = -y**3 + y. Let u be l(1). Let x be -2*(-2)/3*501. Suppose -4*z - 254 = -2*n, 5*n + 0*n + z - x = u. What is the highest common factor of n and 19?
19
Suppose 2*f = -8*j + 4*j + 142, -3*f = -j - 206. What is the highest common factor of f and 15?
3
Suppose -2*x - 4*t = -0*x - 1560, -t = 5. Let m = -372 + x. What is the highest common divisor of 22 and m?
22
Suppose 7*y + 264 = 18*y. Let t(a) = 35*a**3 - 5*a**2 - 2*a + 8. Let u be t(2). What is the greatest common divisor of u and y?
24
Let k be (-2365)/(-45) - 13 - 8/(-18). Let t be (-6582)/(-7) - 4/14. What is the greatest common divisor of k and t?
20
Let v(h) = 5759*h - 600. Let i be v(1). What is the highest common divisor of i and 308?
77
Let v be (-4565802)/(-1145) + 2/5. What is the greatest common divisor of 4 and v?
4
Let d(b) = -b**3 + 9*b**2 + 14*b - 22. Let l be ((-80)/6)/((-32)/240). Let k = l + -90. Let q be d(k). What is the greatest common factor of 18 and q?
18
Let k be 3/(-57) + 1248822/171. What is the greatest common divisor of 67 and k?
67
Let s = -13 - -26. Let g = -407 - -459. Suppose 0 = -139*a + 140*a - g. What is the highest common factor of a and s?
13
Let m = 34382 - 34262. Calculate the greatest common factor of m and 216.
24
Let l = -21512 + 21918. What is the greatest common divisor of 336 and l?
14
Suppose -263*n + 267*n + 3200 = 4*j, 0 = 2*j + 3*n - 1600. What is the highest common divisor of 448 and j?
32
Suppose 5*v - 4*s + 5 - 16 = 0, -3*v + 2*s + 7 = 0. Suppose -4*y = -2*j - 2206, 4*j - 547 = -y + v*j. Calculate the highest common factor of 75 and y.
25
Suppose 18878 = 4*i - 3*z - 6574, 5*i - 31820 = 5*z. Calculate the greatest common divisor of i and 24.
24
Let y be 33*(132/(-54))/(-2) - 1/3. What is the greatest common factor of 8860 and y?
20
Let r = -530 + 842. Let t = -309 + r. What is the greatest common divisor of 1 and t?
1
Let l(x) = -x**2 + 3*x - 1. Let m be l(-2). Let h(u) = 3*u**2 + 23*u + 8. Let r be h(m). What is the highest common factor of r and 59?
59
Let d(u) = -2*u**3 + 116*u**2 + 154*u + 956. Let m be d(59). What is the highest common factor of m and 40?
40
Let o be 222/4*(3 - -3). Let r be ((22/44)/(3/(-222)))/(-1). What is the highest common divisor of o and r?
37
Suppose 17*u - 8248 = 6559. Calculate the greatest common divisor of 52 and u.
13
Let k be 38 - 35 - -570*(-3)/(-2). Calculate the highest common divisor of 132 and k.
66
Let q(l) = 39*l - 175. Let w be (6 + 2 - -3) + -6. Let i be q(w). Calculate the greatest common factor of i and 780.
20
Suppose 0 = -2*k - 769 + 1619. Suppose -7*f = -k + 166. Calculate the highest common divisor of 1369 and f.
37
Suppose -5*d - 50 = -12*h + 9*h, -3*d = 5*h + 64. Let j = 234 + d. Let u = j + -109. What is the greatest common factor of 16 and u?
16
Let r be ((-124)/(-4) + 5)/((-2)/(-4)). Let c = 10 - 1. What is the greatest common divisor of r and c?
9
Let q = -16067 + 18004. What is the greatest common divisor of 117 and q?
13
Suppose 9348 = 5*u + 2*w, 3*u - 1884 = 2*u + 2*w. What is the greatest common divisor of u and 576?
144
Let o = 4582 + -892. Calculate the highest common divisor of o and 90.
90
Let h(t) = -33*t**3 + 2*t**2 + 2*t + 2. Let u be h(-2). Let i = -232 + u. Calculate the greatest common divisor of 95 and i.
19
Suppose -44467 - 63109 = -68*v. What is the highest common divisor of v and 35?
7
Suppose 7*a - 65*a - 23*a + 7776 = 0. What is the greatest common factor of 2208 and a?
96
Suppose -3608*i + 3610*i = 2*w - 88, w - 30 = 3*i. Calculate the highest common divisor of 11679 and w.
51
Let r(a) = -4*a + 929. Let q be r(-28). Calculate the highest common divisor of 3 and q.
3
Let o(x) = 2*x**3 - 200*x**2 - 15*x + 1753. Let m be o(100). Calculate the highest common divisor of 132 and m.
11
Suppose v + 4*z + 96 = 633, -z = -6. Calculate the greatest common factor of 285 and v.
57
Let t(l) = -3596*l - 44. Let w be t(-3). Suppose -48*k - w = -56*k. What is the greatest common divisor of k and 17?
17
Let l = 11823 + -11438. Calculate the highest common divisor of l and 1771.
77
Let j = -4608 - -5028. What is the highest common factor of 480 and j?
60
Suppose -521 = -2*k - 37*s + 42*s, -4*s = 2*k - 566. Suppose 5 = 2*p - 3*p, 0 = i - 4*p - 83. Calculate the highest common divisor of i and k.
21
Let j be 1*175 - (6/15)/((-5)/(-50)). What is the greatest common factor of 114 and j?
57
Let r be -39*4/33*-11 - -1. What is the greatest common divisor of 5989 and r?
53
Let g be 10/20*(-2 + 76). Let c = 47 - g. Suppose -472*z + 471*z + 15 = 0. Calculate the greatest common factor of z and c.
5
Suppose 938 = 11*z - 16486. Calculate the highest common factor of 27 and z.
9
Suppose 21 = 3*l, -102*l - 116516 = -5*q - 105*l. What is the highest common divisor of 46 and q?
23
Let g be ((-28)/10)/((-72)/(-756)*(-21)/15). What is the highest common factor of g and 15897?
21
Let u = -515 - -517. Suppose 3*l = -3*x + 54, -u*l + 58 = 4*x - 5*l. What is the greatest common divisor of x and 1328?
16
Suppose -7*l = 7*l + 168. Let q be -6*(-5 + 62/l). What is the highest common divisor of q and 183?
61
Let z = -89 - -144. Let y = 95 - z. Suppose 117 = y*u - 37*u. What is the greatest common divisor of u and 13?
13
Suppose 2*q + 480 = 30. Let w = 239 + q. What is the highest common divi